the hundred thousands digit of 624755?
6
What is the ten thousands digit of 5854013?
5
What is the units digit of 627844?
4
What is the tens digit of 3982602?
0
What is the ten thousands digit of 858485?
5
What is the units digit of 2539655?
5
What is the thousands digit of 714374?
4
What is the hundreds digit of 591973?
9
What is the tens digit of 703212?
1
What is the thousands digit of 1605816?
5
What is the units digit of 283189?
9
What is the hundreds digit of 14334811?
8
What is the hundred thousands digit of 1614595?
6
What is the units digit of 723069?
9
What is the thousands digit of 103587?
3
What is the tens digit of 751188?
8
What is the tens digit of 732836?
3
What is the hundred thousands digit of 13776602?
7
What is the units digit of 14407171?
1
What is the millions digit of 11571301?
1
What is the hundreds digit of 8589843?
8
What is the units digit of 67328?
8
What is the tens digit of 832186?
8
What is the hundred thousands digit of 2135719?
1
What is the hundred thousands digit of 313627?
3
What is the hundred thousands digit of 948551?
9
What is the units digit of 239608?
8
What is the thousands digit of 5329881?
9
What is the tens digit of 14253831?
3
What is the hundreds digit of 3418840?
8
What is the hundreds digit of 55253?
2
What is the units digit of 3088015?
5
What is the tens digit of 6302415?
1
What is the hundreds digit of 24742479?
4
What is the hundreds digit of 166305?
3
What is the hundred thousands digit of 13334705?
3
What is the units digit of 14170650?
0
What is the units digit of 325337?
7
What is the hundred thousands digit of 1490012?
4
What is the thousands digit of 517899?
7
What is the hundreds digit of 1582293?
2
What is the tens digit of 132532?
3
What is the ten thousands digit of 284428?
8
What is the hundred thousands digit of 1178493?
1
What is the hundred thousands digit of 587192?
5
What is the ten thousands digit of 402387?
0
What is the thousands digit of 9230776?
0
What is the tens digit of 6471556?
5
What is the ten thousands digit of 1012031?
1
What is the tens digit of 2561500?
0
What is the ten thousands digit of 17723378?
2
What is the thousands digit of 429675?
9
What is the hundreds digit of 2054401?
4
What is the ten thousands digit of 1455692?
5
What is the units digit of 3098239?
9
What is the hundred thousands digit of 108348?
1
What is the thousands digit of 892445?
2
What is the hundreds digit of 124534?
5
What is the millions digit of 1091469?
1
What is the tens digit of 15629194?
9
What is the ten thousands digit of 3009940?
0
What is the units digit of 2614762?
2
What is the tens digit of 3966153?
5
What is the hundred thousands digit of 204504?
2
What is the units digit of 1719802?
2
What is the ten thousands digit of 6081400?
8
What is the thousands digit of 157590?
7
What is the units digit of 5054460?
0
What is the units digit of 9539890?
0
What is the thousands digit of 8800146?
0
What is the hundreds digit of 235269?
2
What is the thousands digit of 3001793?
1
What is the hundred thousands digit of 1124338?
1
What is the tens digit of 117374?
7
What is the units digit of 1068350?
0
What is the ten thousands digit of 899648?
9
What is the hundreds digit of 592359?
3
What is the hundreds digit of 150028?
0
What is the units digit of 879446?
6
What is the tens digit of 214710?
1
What is the hundreds digit of 160028?
0
What is the hundred thousands digit of 862482?
8
What is the tens digit of 2092376?
7
What is the units digit of 20856052?
2
What is the hundred thousands digit of 8727299?
7
What is the hundreds digit of 11210012?
0
What is the ten thousands digit of 15793823?
9
What is the millions digit of 1223359?
1
What is the units digit of 86742?
2
What is the thousands digit of 5798591?
8
What is the hundreds digit of 12199?
1
What is the hundred thousands digit of 2067206?
0
What is the tens digit of 24422404?
0
What is the ten thousands digit of 17866023?
6
What is the hundreds digit of 11348877?
8
What is the hundreds digit of 3089085?
0
What is the millions digit of 2357986?
2
What is the hundred thousands digit of 6419237?
4
What is the thousands digit of 262969?
2
What is the hundred thousands digit of 9280161?
2
What is the millions digit of 1838179?
1
What is the units digit of 49977?
7
What is the tens digit of 799674?
7
What is the thousands digit of 150282?
0
What is the thousands digit of 9205828?
5
What is the millions digit of 4316328?
4
What is the tens digit of 302726?
2
What is the millions digit of 9129958?
9
What is the millions digit of 1023009?
1
What is the ten thousands digit of 679490?
7
What is the thousands digit of 1178860?
8
What is the tens digit of 607?
0
What is the hundred thousands digit of 2495879?
4
What is the hundreds digit of 836822?
8
What is the tens digit of 742040?
4
What is the hundred thousands digit of 982381?
9
What is the millions digit of 1934208?
1
What is the thousands digit of 6837778?
7
What is the millions digit of 20971205?
0
What is the units digit of 266434?
4
What is the ten thousands digit of 1064984?
6
What is the hundred thousands digit of 211490?
2
What is the hundreds digit of 431253?
2
What is the hundred thousands digit of 616709?
6
What is the thousands digit of 628148?
8
What is the tens digit of 10233107?
0
What is the hundred thousands digit of 356802?
3
What is the thousands digit of 2363504?
3
What is the ten thousands digit of 181038?
8
What is the thousands digit of 6011752?
1
What is the tens digit of 20062?
6
What is the ten thousands digit of 5420118?
2
What is the units digit of 74129?
9
What is the ten thousands digit of 633350?
3
What is the hundreds digit of 7944526?
5
What is the hundreds digit of 1691188?
1
What is the millions digit of 2992792?
2
What is the hundreds digit of 837008?
0
What is the thousands digit of 3705519?
5
What is the ten thousands digit of 423027?
2
What is the units digit of 677180?
0
What is the units digit of 847525?
5
What is the tens digit of 391013?
1
What is the hundred thousands digit of 164987?
1
What is the units digit of 455276?
6
What is the units digit of 1994757?
7
What is the units digit of 769492?
2
What is the tens digit of 236279?
7
What is the ten thousands digit of 621632?
2
What is the hundreds digit of 80758?
7
What is the ten thousands digit of 1433859?
3
What is the thousands digit of 665983?
5
What is the hundreds digit of 101497?
4
What is the hundreds digit of 223719?
7
What is the hundred thousands digit of 463506?
4
What is the ten thousands digit of 239157?
3
What is the tens digit of 18854508?
0
What is the tens digit of 5376255?
5
What is the thousands digit of 302307?
2
What is the hundred thousands digit of 1625056?
6
What is the tens digit of 3125795?
9
What is the hundreds digit of 10664459?
4
What is the hundred thousands digit of 2451287?
4
What is the tens digit of 303321?
2
What is the units digit of 24784698?
8
What is the thousands digit of 6420317?
0
What is the hundred thousands digit of 2526675?
5
What is the units digit of 23491097?
7
What is the ten millions digit of 18039688?
1
What is the hundreds digit of 93578?
5
What is the units digit of 4539967?
7
What is the units digit of 1384469?
9
What is the units digit of 1458578?
8
What is the hundreds digit of 692905?
9
What is the units digit of 195166?
6
What is the hundreds digit of 455265?
2
What is the hundred thousands digit of 1045131?
0
What is the hundreds digit of 125583?
5
What is the hundred thousands digit of 749607?
7
What is the hundred thousands digit of 4313380?
3
What is the units digit of 71753?
3
What is the ten thousands digit of 197802?
9
What is the tens digit of 349105?
0
What is the thousands digit of 193941?
3
What is the hundred thousands digit of 14232006?
2
What is the hundred thousands digit of 999163?
9
What is the thousands digit of 33316?
3
What is the thousands digit of 473246?
3
What is the units digit of 7918161?
1
What is the ten thousands digit of 158341?
5
What is the millions digit of 16603889?
6
What is the ten thousands digit of 334891?
3
What is the hundred thousands digit of 1067572?
0
What is the units digit of 25110?
0
What is the tens digit of 2296084?
8
What is the tens digit of 4887180?
8
What is the ten thousands 